- 2966 = -5*y + 1664, -6936 = -3*x - 3*y. What are the prime factors of x?
2, 3, 5, 7, 11
Let y(h) = 0*h**2 - h**2 - 14*h - 10*h + 84 - 85. What are the prime factors of y(-18)?
107
Let y(s) = s + 11. Let l be 2*(-18)/(-8)*(8 - 10). What are the prime factors of y(l)?
2
Suppose -2*r - 6*r = -264. Let n = 58 - r. What are the prime factors of n?
5
Suppose 3*f = -4*q + 481, 3*f + 2*q - 4*q - 493 = 0. List the prime factors of f.
163
Suppose 0 = 10*k - 6*k + 2*j - 3254, 5*j + 2408 = 3*k. What are the prime factors of k?
811
Let a(j) = -69*j**2 - 4*j - 3. Let r(n) = -69*n**2 - 5*n - 4. Let x(o) = -4*a(o) + 3*r(o). List the prime factors of x(-1).
2, 17
Let z = -860 - -6542. List the prime factors of z.
2, 3, 947
Let q = -111 + 63. List the prime factors of (-1314)/q + (-9)/24.
3
Let x = 3282 + -1863. What are the prime factors of x?
3, 11, 43
Suppose c - 1078 = -2*i, i + 3*c - 561 = 8*c. List the prime factors of i.
541
List the prime factors of (-6651)/(-15) - (-52)/(-130).
443
Suppose 1839 = -9*z + 10*z - 3*w, 5*z = w + 9209. What are the prime factors of z?
2, 3, 307
Suppose 5*t + 0*r - 4*r = -448, 2*r - 86 = t. List the prime factors of t/(-7)*(-28)/(-8).
2, 23
List the prime factors of (-6 + 389)*5 + -10.
3, 5, 127
Let x = -22 + 25. Suppose 17 - 89 = -x*o. What are the prime factors of o?
2, 3
Let o = -25 + 32. Suppose 3*w = o*w - 5*k - 86, -w - 5*k = -9. List the prime factors of w.
19
Let k(i) = -2*i**2 + 15*i - 5. Let y be k(7). Suppose -w = -y*w + 53. List the prime factors of w.
53
Let m be (-34)/(-6) - ((-16)/(-6))/4. Suppose 3*q + 376 = m*i - 0*q, -5*i + 2*q + 374 = 0. List the prime factors of i.
2, 37
Let g be (-2)/(-4) - (-1 + 3/(-6)). Suppose -4*j + g*v = -458, 5*j - 570 = -0*v + 2*v. What are the prime factors of j?
2, 7
Let w = -1033 - -1675. List the prime factors of w.
2, 3, 107
Let t = -117 - -124. Suppose -2*x = -t*x + 1385. What are the prime factors of x?
277
Suppose -t + 103 - 19 = 0. Let w = 140 - t. What are the prime factors of w?
2, 7
Let w(i) = -2*i**3 - 18*i**2 - 47*i + 9. What are the prime factors of w(-4)?
37
Suppose -n + 2*s = 8, 4*n + s = 2*s - 11. What are the prime factors of 25/(n - -1)*-3?
3, 5
Let c(o) = -9*o - 3. Let p be c(3). Let f be 516/10 - 12/p. Suppose -f = g - 3*g. What are the prime factors of g?
2, 13
Let q be (-5 - -4 - -348)*1. Suppose 3*d + 284 = q. What are the prime factors of d?
3, 7
Let p = -29 - -23. Let l be (-23)/p - 5/(-30). List the prime factors of (-228)/8*l/(-3).
2, 19
List the prime factors of (28 + -27)/((-3)/(-2151)).
3, 239
Let l(i) = -5*i + 22. What are the prime factors of l(-3)?
37
Let u = 25 - -259. List the prime factors of u.
2, 71
What are the prime factors of (11 - (-10456)/20)*5?
17, 157
Suppose 204 - 1779 = -7*a. Let r = a + -114. What are the prime factors of r?
3, 37
Let z(c) = -55*c - 42. Let f be z(-4). Suppose 14*i = 13*i + f. What are the prime factors of i?
2, 89
Suppose 375 = 3*i + 2*i. Let l = 6 + i. List the prime factors of l.
3
Let a be (-30)/(-25)*20/6. Suppose -l = -a*l. Let t = 19 + l. What are the prime factors of t?
19
Let i(y) = 3*y - 11. Let v be i(5). Suppose -4*l + v = -2*t, -4*l + t = -0*t. What are the prime factors of 1 + (l - 26/(-1))?
2, 13
Let s(v) be the third derivative of -3/8*v**4 + 0*v + 2*v**2 - 1/2*v**3 + 0. List the prime factors of s(-4).
3, 11
Let f be (-14 + 14)*(-1)/3. Suppose 3*u - 3*j + 0*j - 489 = f, 3*j = -u + 147. List the prime factors of u.
3, 53
Suppose 0*l - 6 = -2*l. Suppose 2*i = -4*u - 2, -2*u + l*i + 19 = -0*u. What are the prime factors of -3*(-1 + u) - -15?
2, 3
Let m = 59 + -59. Suppose p + 5*r = -m*p + 61, p - r - 49 = 0. What are the prime factors of p?
3, 17
Let x(o) = -o**3 + 57*o - 14 - 40*o - 3 + 13*o**2. Let t(r) = -6*r - 4. Let b be t(-3). List the prime factors of x(b).
5
Let x(o) be the third derivative of o**5/30 - 7*o**4/4 - 23*o**3/6 - 10*o**2 - 1. List the prime factors of x(27).
7, 43
Suppose 2*d + 12 = 2, -3*q = 3*d + 102. Let x = 38 + q. List the prime factors of x.
3
Suppose 2*x - 1180 = -4*o, 295 = o - 4*x + 5*x. Let t = o - 159. List the prime factors of t.
2, 17
Suppose d - 2959 = 3*b, 13*b = -4*d + 10*b + 11821. What are the prime factors of d?
2, 739
Let k(y) = 13*y - 16. Suppose 22*q = 23*q - 8. What are the prime factors of k(q)?
2, 11
Suppose -166*r = -167*r + 1570. List the prime factors of r.
2, 5, 157
Let u be (2/(-4) + 2)*(-580)/(-6). Let y = 303 - u. List the prime factors of y.
2, 79
Let y be 6/(-18) - (-13)/3. Suppose y*h - 493 = -5*x + 3*h, 398 = 4*x + 2*h. Suppose 0 = -2*n + 5*f + x, -3*f = f. What are the prime factors of n?
7
Let c(x) = -x**3 - 11*x**2 - 9*x - 5. Let v be c(-10). Let i = v + 17. Suppose -i*j + 88 = 36. What are the prime factors of j?
2, 13
Suppose -u = 3*u. Suppose u = -5*y + 10 - 5, 4*y + 122 = 2*w. Suppose 5*c - 22 = w. What are the prime factors of c?
17
Suppose 3*a - q = -2*a + 3575, 0 = -5*a - 6*q + 3575. List the prime factors of a.
5, 11, 13
List the prime factors of -5 - ((-198)/2 + -23 + 26).
7, 13
Suppose -4*h = 11 + 1. Let j(x) = 97*x + 99*x - 198*x - 4. List the prime factors of j(h).
2
Let w = -3709 + 5600. List the prime factors of w.
31, 61
Suppose -4*i + 27 = -29. Suppose -3*x - 14 = -5*v + i, 2*x = 3*v - 17. What are the prime factors of 38 + -1 + x - 1?
5, 7
List the prime factors of (-70294)/4*(-144)/504.
5021
Suppose -h - 2*b - 38 = 3*b, 2*h + 46 = -4*b. Let i(p) = -8*p + 5. What are the prime factors of i(h)?
109
Let j(z) = z - 1. Let v be j(5). Suppose 0 = -v*o - n - 10 - 23, -5*o - 60 = 5*n. Let q = o + 21. List the prime factors of q.
2, 7
Suppose 0*s = -4*s + 12. What are the prime factors of s + 1*4/2?
5
Suppose 2*d + 9986 = 3*y, -5*y + 26103 = -5*d + 9468. What are the prime factors of (-4)/(-10) - y/(-70)?
2, 3
Let a = 739 + -1264. Let x = -281 - a. What are the prime factors of x?
2, 61
Let n(t) = 228*t**2 - 3*t - 5. List the prime factors of n(-1).
2, 113
List the prime factors of (1/(0 + -1))/((-2)/1538).
769
What are the prime factors of ((-5284)/(-12))/((-3)/(-27))?
3, 1321
Let p(m) = -39*m - 90. What are the prime factors of p(-9)?
3, 29
Let i = -3 + 6. Suppose -i*n = 4*o - 197, 4*o + 4*n = -0*o + 196. What are the prime factors of o?
2, 5
Let v(r) = -r**2 + r + 2. Let q(f) = -2*f - 26. Let h be q(-12). Let p be v(h). What are the prime factors of (-12 + 0)/p - -10?
13
List the prime factors of 1 + 1180 + (-2 - -4)/(-2).
2, 5, 59
Suppose y - 2412 - 1668 = 0. List the prime factors of y.
2, 3, 5, 17
Let k be (-10*13)/1*-4. Suppose 4*l = 116 + k. List the prime factors of l.
3, 53
Suppose -3 = -r, 4*x + 5*r - 8 = 107. Let w = x - -31. List the prime factors of w.
2, 7
Suppose -4*n + 9 = -7. Let j be 10/n*(-4)/(-5). Suppose 4*i = 5*h - 120, 2*i + 30 = 3*h - j*h. What are the prime factors of h?
2, 5
Let l(t) = t**2 + 8*t + 3. Let c be l(-8). Let s(f) = -f**3 + 3*f**2 + 2*f + 2. Let v be s(c). Suppose 5*u - 198 = -v. List the prime factors of u.
2, 19
Let f be (1 - 0)/((-1)/4). Let d = 46 - f. List the prime factors of d.
2, 5
Suppose 2*t - 335 = -d - 132, 3*t = 2*d - 427. Suppose -5*u - 5*r + d = -26, -3*r = 4*u - 191. What are the prime factors of u?
2, 5
Let v be (-6)/(-12)*(5 + 1). Suppose -v*z = -z - 118. List the prime factors of z.
59
Let r(l) be the second derivative of -5*l**3/6 - l**2/2 + 2*l. Let z(s) = -s**2 + 2*s - 3. Let f be z(2). What are the prime factors of r(f)?
2, 7
Let v(w) = 2*w**3 + 15*w + 27. What are the prime factors of v(9)?
2, 3, 5
Let h = 10 - 8. Suppose 3*j - 424 = -5*c, 0 = h*j - 3*c - 2*c - 291. Suppose 5*x + 0*p - j = -2*p, -3*p + 39 = x. What are the prime factors of x?
3
Let m(b) = 3*b**2 + 10*b + 8. Let s = 20 + -27. What are the prime factors of m(s)?
5, 17
Let v(s) = s**3 + 7*s**2 + 5*s + 6. Suppose 14 + 1 = -3*h. Let c be v(h). Let a = c + 4. What are the prime factors of a?
5, 7
Let b = -225 - -249. What are the prime factors of b?
2, 3
Let i(r) be the second derivative of 3*r**3/2 - 5*r**2 + 11*r. Let p be i(7). Suppose -5*k - p = -423. List the prime factors of k.
2, 37
Let a(g) = g**3 + 4*g**2 - 13*g - 6. Let y be a(-6). Suppose y = 24*w - 25*w + 252. List the prime factors of w.
2, 3, 7
Let n(u) be the third derivative of -u**4/8 - 2*u**3/3 - u**2. Let d be (7 - 9)*1*3/2. List the p